0
Let k be (-72)/(-15) - (-2)/10. Suppose 0 = -q + k*q - 40. Calculate the remainder when 18 is divided by q.
8
Let p(m) be the second derivative of -m**3/6 + m**2/2 + 4*m. Let d be 0/1 - 8/2. Calculate the remainder when 8 is divided by p(d).
3
Calculate the remainder when (19/((-95)/(-30)))/(2/1) is divided by 2.
1
Let i(n) = -3*n - 6. Suppose -2*z + 5*v = -37, -v + 2*v = -3. Suppose 4*o = 5*h - z, 0*h = -3*h - 15. What is the remainder when i(o) is divided by 11?
10
Let i(b) = 17*b - 1. Let g be i(-1). Let j = g - -29. Calculate the remainder when 32 is divided by j.
10
Let w(n) be the second derivative of -n**4/12 - 13*n**3/6 - 13*n**2/2 - 6*n. Calculate the remainder when w(-11) is divided by 5.
4
Let a(w) = w**2 + 4*w + 1. Calculate the remainder when 64/3 + (-6)/(-9) is divided by a(-6).
9
Let b be 94/(-18) - (-10)/45. What is the remainder when (-142)/b - 2/5 is divided by 10?
8
Suppose 5*v + 145 = 35. Let l = v + 39. Suppose 43 = -3*b + 193. What is the remainder when b is divided by l?
16
Suppose h + 0*p + 3 = -2*p, -4*h - 3 = 5*p. Calculate the remainder when 101 is divided by 28 + (-1 - -2 - h).
23
What is the remainder when 23 is divided by (((-18)/4)/(-3))/((-2)/(-8))?
5
Suppose -2*w = 4, -3*w + 96 = 4*x + 30. Let t = -4 - -3. Calculate the remainder when x is divided by t - 1 - (-1 + -11).
8
Suppose 5*m = 117 - 7. What is the remainder when m is divided by 12?
10
Let m(l) = 19*l**2 + l + 4. Let x be m(-5). Suppose -3*z = 2*c - 15 - 18, 3*z - 2*c = 33. Calculate the remainder when (-4)/(-10) + x/15 is divided by z.
10
Let y = 14 + -12. Calculate the remainder when 7 is divided by y.
1
Suppose 2*b - 22 = 4*v, 3*b + 4*v - 33 = v. Suppose -3*u - 11 + 2 = 0. What is the remainder when u/((-5)/(160/3)) is divided by b?
10
Let c = -44 + 47. Calculate the remainder when 11 is divided by c.
2
Let g(f) = 7*f**2 + 5*f - 12. Calculate the remainder when g(-5) is divided by 35.
33
Let h(m) = -4*m + 47. Calculate the remainder when 11 is divided by h(11).
2
Let p(b) be the second derivative of b**3/3 + b**2 - 3*b. What is the remainder when 11 is divided by p(2)?
5
Let l = -16 + 31. What is the remainder when 103 is divided by l?
13
Let o = 61 - 39. Suppose 5*i = -s + 80, -2*s - i = -4*s + 171. Calculate the remainder when s is divided by o.
19
Suppose -19*n - 75 = -22*n. What is the remainder when 93 is divided by n?
18
Let i be 1 - (-3 - (3 + -4)). Let t = i + 0. Suppose -t*o - 41 = -2*f, -4 = -5*f + 5*o + 96. What is the remainder when f is divided by 5?
4
Suppose 0 = a + 3*a - 3*v - 13, 3 = 3*v. Let x(u) = u**3 - u**2 - 3*u - 3. Let j be x(a). Calculate the remainder when 66 is divided by (j - -1)/(-6 + 8).
15
Suppose -2*l - 35 + 153 = 0. Calculate the remainder when l is divided by 15.
14
Let l(f) = f**3 + 10*f**2 + 9. Let h be l(-10). Let y = h + -2. What is the remainder when 11 is divided by y?
4
Suppose 2*n + 3*q - 16 = 0, 4*n + 15 - 47 = 3*q. What is the remainder when n is divided by 2?
0
Let v(d) = -12*d + 5. What is the remainder when v(-7) is divided by 15?
14
Let u(d) = 3*d**2 - 20*d - 10. Calculate the remainder when u(9) is divided by 15.
8
Let i = -22 + 57. What is the remainder when 138 is divided by i?
33
Suppose -59 = -4*n + 2*h - h, -3*n = 2*h - 58. What is the remainder when 45 is divided by n?
13
Let v(s) = 6*s**2 - 7*s - 13. What is the remainder when v(-4) is divided by 38?
35
Let x = -3 + 4. Suppose 2*m + k - 5 + 1 = 0, 2*m + 8 = 5*k. What is the remainder when m is divided by x?
0
Suppose -3*o + 5*l = o - 16, 5*l = -5*o + 20. Suppose 0 = 4*t - 0*t - 172. Let g = t - 28. What is the remainder when g is divided by o?
3
Let d(h) = 2*h**2 + 5*h - 6. What is the remainder when 83 is divided by d(2)?
11
Let q(v) be the third derivative of v**4/12 - 13*v**3/6 + 3*v**2. Let m(b) = 2*b**2 - 3*b + 4. What is the remainder when m(3) is divided by q(9)?
3
Suppose -5*m + 197 = -68. Let u be (-1 + 1)*1/(-2). Suppose 54 = -u*x + 3*x. What is the remainder when m is divided by x?
17
Let y = 70 - 48. Let o(f) = -2 - 2*f**2 + 3*f**2 + f - 2*f**2 - 10*f. What is the remainder when y is divided by o(-7)?
10
Let g(z) = -2*z**2 - 15*z + 8. Calculate the remainder when 86 is divided by g(-7).
11
Let r(v) = -17*v - 8. Let s be r(-4). Let q(p) = -p**3 + 4*p**2 + p - 4. What is the remainder when q(3) is divided by (-3)/4 - s/(-16)?
2
Let o = 295 - 284. Suppose 5*f = 78 + 132. Calculate the remainder when f is divided by o.
9
Let a be -1 - (-1)/2*-4. Let c be (a - (-2 + 2))*-10. Suppose 2*v = -v + c. What is the remainder when 29 is divided by v?
9
Let n = 6 - 4. Suppose -n*s - 60 = -5*s. Calculate the remainder when s is divided by 11.
9
Suppose 5 = 3*y - 7. Suppose -2*t + l = -8 - 11, 5*l = -t + 15. Calculate the remainder when t is divided by y.
2
Let i(k) = k**3 + 10*k**2 + 8*k - 6. What is the remainder when 23 is divided by i(-9)?
2
Let g(d) = d**3 - d + 20. Suppose 2*c - 6*c = 0. Let q(m) = -57*m**3 + 2*m**2 + 2*m + 1. What is the remainder when q(-1) is divided by g(c)?
18
Let z be (-271)/(-7) - (-4)/14. Suppose -s + z = 5*u, 3*s - 2 - 11 = -2*u. What is the remainder when u is divided by 5?
3
Let h = -5 - -16. What is the remainder when 3 + -2 - 1 - (-45 - -4) is divided by h?
8
Let g(o) = -o**3 - 3*o**2 - 3*o. Let k be g(-2). Suppose 2*q = -2*t + 20, -k*t = 4*q + q - 17. What is the remainder when 31 is divided by t?
9
Let z = 55 + -31. Calculate the remainder when 9/((-135)/20) + (-290)/(-6) is divided by z.
23
Suppose 2*x = -4*z + 44, -2*z + 8 = -0*z. What is the remainder when 39 is divided by x?
11
Let v(p) = p**2 + 4*p - 44. Calculate the remainder when v(6) is divided by 10.
6
Let z = 69 + 20. Calculate the remainder when z is divided by 7.
5
Let n(a) = a**3 + 8*a**2 + 6*a - 7. Suppose -5*t = -4*q + 48 + 36, 5*q = 5*t + 100. What is the remainder when n(-6) is divided by q?
13
Suppose -3*b - 15 = -3*r, -8*r - 3*b = -4*r - 13. Suppose h = -h - 18. Let g = r - h. Calculate the remainder when g is divided by 7.
6
Let p(d) = d**3 + 10*d**2 - 2*d + 4. Calculate the remainder when 71 is divided by p(-10).
23
Suppose 7 = -3*g - 4*b, 3*g - b + 4 + 28 = 0. Let k be 6/27 - 313/g. Suppose -4*y = -k - 13. What is the remainder when 34 is divided by y?
10
Let x be -1*140*(-2 - 1). Suppose t = -4*t - x. Calculate the remainder when t/(-6) - 3/1 is divided by 7.
4
Let u = -59 + 116. What is the remainder when u is divided by 15?
12
Let l be (-49)/14 - 6/4. Let i(v) = -3*v + 1. Calculate the remainder when 63 is divided by i(l).
15
Suppose 3*j + 5*l = 88, -3*j + 39 = 2*l - 52. What is the remainder when j is divided by 11?
9
Calculate the remainder when (-6)/(3 + -1) + (-3 - -24) is divided by 10.
8
Let y = 79 - 69. Calculate the remainder when 23 is divided by y.
3
Suppose -3*a = -4*o - o - 9, 11 = 2*a - 5*o. Calculate the remainder when ((-75)/9)/(a/6) is divided by 9.
7
Suppose -2*u = g - 374, 5*u - 4*g - 114 = 821. Suppose -u = -3*f - 37. Calculate the remainder when f is divided by 13.
11
Let w be 2/3 - (-2)/6. Let h(b) = 11*b**3 + b**2 + b - 1. Calculate the remainder when 34 is divided by h(w).
10
Let x = 4 - -9. Let a(k) = k - 7. Let f be a(10). Let r = 10 - f. What is the remainder when x is divided by r?
6
Suppose -4 - 2 = 3*x. Calculate the remainder when (-6)/(-14) + 36/42*24 is divided by (-12)/(-2) + x/(-1).
5
Suppose 153 = 2*y + 7*y. Calculate the remainder when y is divided by 14.
3
Suppose g + 3*r + 36 = 4*g, -2*g + 23 = -r. Calculate the remainder when (32 - 3) + -1 + 4 is divided by g.
10
Let m be (-4585)/(-20) + 2/(-8). Suppose -5*v + w = -m, -v + w = -55 + 6. What is the remainder when v is divided by 16?
13
Let f(b) = -b - 5. Let l be f(-8). Suppose 3*o + l = 21. Calculate the remainder when 9 is divided by o.
3
Let g = 82 - 16. Suppose -o = -4*z + 133, -2*z - 4 = 4*o - g. What is the remainder when 63 is divided by z?
30
Let b be 17/3 + 14/(-21). Suppose 5*r = b*p - 85, 10*p - 76 = 5*p + 2*r. What is the remainder when 25 is divided by p?
11
Let a = 9 - -2. Suppose 1 = 2*h + p, -h + 5*p = 2*p - a. Suppose -4*y + 11 = -k, 3 = h*k - 5*k + 2*y. What is the remainder when k is divided by 1?
0
Let i(z) = -5*z - 42. What is the remainder when 62 is divided by i(-10)?
6
Let j(f) = 77*f**3 + f**2 - 2*f + 2. Calculate the